Is t composite?
False
Suppose -4*p + 2098 = -0*k + 5*k, -1275 = -3*k + 3*p. Suppose -883 = -6*d + 2*d - 5*c, -2*d + 4*c + k = 0. Is d a prime number?
False
Is (5563 + (-2 - 4))*(-1)/(-1) composite?
False
Suppose 0*d - d = -8. Let f be 42812/6 + 12/18. Is f/d - (-2 - 1) composite?
True
Let j be (0 - -5)/(5/5). Suppose 7 + j = -2*n. Is (3/n)/(1/(-74)) composite?
False
Let g = -9516 - -14137. Is g prime?
True
Let f = 14731 - 7400. Is f a prime number?
True
Let n = 0 + 1. Let v be -3 + n + (-12 - -5). Let s = 76 - v. Is s a composite number?
True
Suppose 2*d - 127 = 357. Let l = 713 - d. Let c = l + -140. Is c prime?
True
Let t(d) = 15*d**3 + d**2 + d. Let r be t(-1). Let p be 28*(-1 + r/(-12)). Is (p/21)/((-3)/(-4239)) composite?
True
Let t = 1528 - 830. Suppose 2*m - 3*m + 167 = -2*f, 0 = 4*m - 2*f - t. Is m a composite number?
True
Suppose b + 98668 = 5*s, 8*s + 2*b = 9*s - 19739. Is s prime?
False
Let c(m) = 3*m**2 - 91*m - 69. Is c(40) composite?
False
Let y = -3841 + 10944. Is y composite?
False
Suppose 6*t - 40 = 2*t. Let m be 4446/10 + t/25. Let h = m + -230. Is h composite?
True
Suppose -4*g - 1 - 19 = -3*a, -2*a + 2*g = -12. Suppose 2*o - 2*d = 16, -d = -3*o - 4*d + 36. Suppose 46 = a*b + o. Is b prime?
False
Suppose -2*l = 4*g - 560, -2*l = -6*l - g + 1113. Let k = l - -39. Is k composite?
False
Let x be ((-8)/(-6))/(8/12). Suppose x*r - 6*r + 331 = -5*v, -3*r + 262 = -v. Is r composite?
False
Let p(t) = 81*t + 7. Let j be (-5)/10*2 - -5. Is p(j) composite?
False
Suppose -5*j - 4685 = -13705. Suppose 4*y + 5*v = 1808, 4*y - j = -v - 3*v. Is y prime?
False
Let b be 254/4*(-18)/(-9). Suppose 3*v - b = 2*o, 0 = -v - 4 + 7. Let w = -40 - o. Is w a composite number?
False
Let d(u) = 21*u**2 - 10*u + 27. Is d(-14) a prime number?
True
Let x = -4466 - -9533. Suppose 1716 = -3*f + x. Is f prime?
True
Let l(a) = a**2 + 6*a + 7. Let n be l(-5). Suppose 5*p - n*o - 2429 = 0, 2*p - 2*o - 1133 + 165 = 0. Is p a prime number?
True
Is 1 - (0 - -4) - -11710 a composite number?
True
Suppose 28*l - 131275 = 3*l. Is l composite?
True
Let r be (4/(-10))/((-6)/(-270)). Let m be 22647/(-27) + 4/r. Let b = -468 - m. Is b a composite number?
True
Is ((-1637)/5)/((-4)/20) a composite number?
False
Let q(y) = -38*y + 35. Let r(k) = 13*k - 12. Suppose -4*l - l + 5*j - 25 = 0, 5*j = 3*l + 17. Let a(m) = l*q(m) - 11*r(m). Is a(10) a composite number?
True
Suppose -t = 3*t - 0*t. Suppose t = -8*o + 7428 + 1204. Is o a prime number?
False
Let a(j) = -29*j**3 + 8*j**2 + 27*j + 15. Let c be a(-6). Let o = 10892 - c. Is o a prime number?
False
Suppose 2*d = -2*k, d + 0*k - 20 = 4*k. Suppose 0 = 2*v + 6, -2*r + 6*r = -d*v + 2552. Is r a composite number?
False
Suppose -5*i + 2*g = 58, -g - 33 = 3*i - 7. Let n = i + 16. Is -1 + n - 3 - -17 composite?
False
Suppose 5*f - 3*f - b = 1806, -2*b = 5*f - 4497. Is f a prime number?
False
Suppose 0 = -q, 4*q + 1 = a - 3. Suppose 53 = -a*s + 477. Suppose -3*x = -x - s. Is x prime?
True
Let c = 1879 - 1312. Suppose 0 = 2*f - u - 385, 4*f - 5*u = f + c. Is f a prime number?
False
Let p = 30 + -28. Suppose 2*s + p*a = 191 - 49, -5*a + 79 = s. Is (s/(-4))/((-6)/8) prime?
True
Let y(n) = n**3 - 7*n**2 + 2*n - 5. Let l be y(5). Let i = l - 3. Let w = i + 83. Is w a composite number?
True
Let i(c) = -67*c**3 - 2*c**2 + 2*c - 1. Suppose 2*g = 5*v + 7, -2*v - 24 = 2*v + 3*g. Let p be i(v). Suppose 2*b = 10*b - p. Is b a composite number?
False
Is (-76)/95 - 186116/(-20) composite?
True
Let d(w) = -27*w. Let q(f) = -26*f + 1. Let n(k) = 6*d(k) - 5*q(k). Let p = 157 + -165. Is n(p) a composite number?
False
Let x(y) = 75*y**2 + y + 9. Let l = 44 + -47. Is x(l) prime?
False
Let d = 52397 + 10136. Is d a composite number?
False
Let f = 8 + 6. Suppose 2*g + g + 5*d = -f, 5*d = 5*g - 30. Is g - 2/((-6)/783) a composite number?
False
Suppose -g + 3*g = 0. Let y = -2 + g. Is (-4 - y/1) + 71 a composite number?
True
Suppose x - 3345 = -4*x. Is x a prime number?
False
Is (((-1099)/28)/(-1))/(1/12) a prime number?
False
Suppose 0*r - r + 14*r = 0. Suppose r*i + 381 = i. Is i composite?
True
Let q(k) = 2*k**2 - 5. Let n be q(-9). Is n + 8/4 + 0 prime?
False
Suppose -4*s = 3 - 19. Let t be (-6)/4*-2*1. Suppose -651 = f - s*f + 2*k, -2*f - t*k = -434. Is f a composite number?
True
Let r(s) = s**3 - 8*s**2 + 2*s - 10. Let z be r(8). Suppose -n = -z*n. Suppose -5*x - 510 = -l, n = -2*l - 0*x - 4*x + 950. Is l a composite number?
True
Let b = 1512 + -1077. Suppose -k - 2*c = 6 - 2, 2*c = -8. Suppose -k*v - v = -b. Is v a composite number?
True
Let b(f) = 1 + 4*f - 4 + 2*f**3 + 0*f**3 - 3*f**2 + f**3. Is b(5) a composite number?
False
Let m be (-2)/(-3*6/45). Is 692/m + (-3)/(-5) a composite number?
False
Let b(h) = -846*h - 1. Let j be b(-1). Let n = 2857 - j. Suppose t + 3*t = n. Is t composite?
False
Let w(y) = -y + 1. Let d(p) = p**3 - 6*p**2 + 7*p - 2. Let o(t) = -d(t) - 2*w(t). Let x be o(4). Let q = x - 8. Is q a composite number?
True
Let p = 735 - 487. Let t = p - -1151. Is t a prime number?
True
Let u(s) = 114*s**2 + 2*s + 2. Let o be u(-3). Let c(k) = -k**2 + 7*k + 46. Let l be c(11). Is o/(-3)*(-3)/l prime?
False
Let c = 0 + 5. Let u be (-6)/(-30) - (-19)/c. Suppose 0*o + u*o - 239 = -m, 3*o = 2*m + 171. Is o a composite number?
False
Let s = -645 - 442. Is (s/(-3))/(2*(-3)/(-18)) a composite number?
False
Let m(c) = 710*c**2 - 1. Let y = -23 + 23. Let w be (-4 - (-5 + y))*-1. Is m(w) prime?
True
Let h(o) = -16*o - 19. Let s be h(6). Is 883 + ((-3)/(-18) - s/30) a prime number?
True
Suppose 0 = 5*n - 5*c - 339415, 9*n - 271538 = 5*n + c. Is n a composite number?
True
Let o(v) = v**3 - 10*v**2 - 14*v + 7. Let z be o(11). Let g = z + 81. Is g composite?
True
Let p(o) = 543*o**2 - 27*o - 113. Is p(-6) a composite number?
False
Let x(u) = -3*u**3 - 10*u**2 - 4*u - 11. Let n(r) = -7*r**3 + r**2 - r - 1. Let y be n(-1). Suppose -2*c = 3*h + 24, -2*c + 5*c - y = h. Is x(h) a prime number?
False
Suppose 0 = x + 626 - 2139. Is x prime?
False
Suppose 0 = -4*j + 64269 + 9319. Is j a prime number?
True
Is (4037112/(-156) - 2/26)/(-1) a prime number?
False
Let o(w) = -4*w**2 - 172*w + 31. Is o(-32) composite?
False
Let a(i) = 473*i**2 - 7*i - 5. Is a(-4) prime?
True
Let y = -1163 - -2820. Is y prime?
True
Suppose 2*d - 1142 + 118 = 0. Suppose -4*w - 4*h + 2072 = 0, 2*w + d = 3*w - 5*h. Is w a composite number?
True
Suppose -26*w + 1242302 = -1114884. Is w prime?
False
Let x = 16 + 0. Let i = x - 10. Let z(l) = 14*l - 10. Is z(i) composite?
True
Is -1*1/5 + 19044/345 composite?
True
Suppose 2*v = 3*s - 8, -2*v = -2*s + v + 2. Suppose s*y - 384 = 4*k, -5*k + 5 = -4*k. Suppose 2*m = i - 0*i - y, 2*i - 227 = -m. Is i composite?
True
Suppose 3*a - 184 = 5*b - 26, 4*a - 2*b - 220 = 0. Suppose 6*o + a = -o. Is (-1521)/(-12) + (-2)/o a prime number?
True
Let b = -24 - -29. Suppose 4*m = i + 46 + 97, b*m + 5*i - 210 = 0. Is m prime?
True
Suppose -51*y - 93 = -52*y - t, 8 = 2*t. Is y a prime number?
True
Suppose -12 = -2*f - f. Let c = 4 - f. Suppose 4*a - 2*u - 280 = 3*u, a - 3*u - 77 = c. Is a a composite number?
True
Let x(p) = 357*p + 52. Is x(1) composite?
False
Let q(y) = 789*y**2 + y + 1. Suppose 16 - 20 = -4*m. Is q(m) prime?
False
Let l = 38673 + -22000. Is l a prime number?
True
Suppose -6*b + 6569 = -158629. Is b a composite number?
True
Let i(w) = w + 301. Let l be 3*1 + (-7 - -4). Is i(l) composite?
True
Let q(y) = -304*y - 7. Is q(-36) composite?
False
Suppose -3*l - 1411 = -5473. Is l composite?
True
Is 6 + ((-4)/10 - (-222147)/5) a composite number?
True
Is 8/5 + -2 - (-92285)/25 prime?
True
Suppose 0 = -166*v + 171*v - 37165. Is v a composite number?
False
Suppose 4*b + h + h - 6 = 0, -2*b + 2 = 2*h. Suppose 0 = c + b. Let p(s) = -12*s**3 + 2*s - 1. Is p(c) a composite number?
True
Suppose -2*j + 2 = -0. Let x be (1/3)/(j/789). Let r = 502 - x. Is r a prime number?
True
Let q(d) = 42*d**2 + 22*d + 9. Is q(11) prime?
True
Suppose -2*a + g = 4, 0 = 4*a - a + 4*g + 6. Let b(p) = -657*p + 5. Is b(a) a composite number?
False
Suppose -3*n + 28 = 16. Is ((-10)/(-4))/(n/232) composite?
True
Let r(g) = 27*g - 22. Let l be r(5). Let b = l - -46. Is b a prime number?
False
Let v(u) = -2 + u + 4585*u**3 + 657*u**3 + 0*u. Let g be v(1). Is g/18 + 2/(-12) a c